ue
Is 139982 a prime number?
False
Is 199 a prime number?
True
Is 1210641 composite?
True
Is 21001 a prime number?
True
Is 1334257 a prime number?
False
Is 13633 a composite number?
False
Is 2341351 a composite number?
True
Is 59921 composite?
False
Is 20797 composite?
True
Is 10681 a prime number?
False
Is 13751 a composite number?
False
Is 23771 a composite number?
True
Is 2811 prime?
False
Is 290593 a prime number?
True
Is 18499 prime?
False
Is 1324406 prime?
False
Is 101833 composite?
False
Is 154417 a composite number?
False
Is 325921 a composite number?
False
Is 2362 composite?
True
Is 1537 a prime number?
False
Is 2150579 a prime number?
False
Is 4645 prime?
False
Is 86917 a composite number?
True
Is 67927 prime?
True
Is 133691 composite?
False
Is 9031 a composite number?
True
Is 16273 prime?
True
Is 743254 composite?
True
Is 35491 a composite number?
False
Is 133631 composite?
False
Is 754879 prime?
False
Is 85001 composite?
True
Is 3299 a prime number?
True
Is 1744273 a composite number?
False
Is 111751 prime?
True
Is 13963 a prime number?
True
Is 4915 composite?
True
Is 42469 a prime number?
False
Is 1095329 prime?
False
Is 7841 a composite number?
False
Is 28781 a prime number?
False
Is 1638157 a composite number?
True
Is 12587 composite?
True
Is 35243 a prime number?
False
Is 18727 prime?
False
Is 229907 prime?
False
Is 173657 prime?
False
Is 2082197 composite?
True
Is 67 composite?
False
Is 429851 prime?
True
Is 95701 a composite number?
False
Is 1119113 composite?
True
Is 26259 a prime number?
False
Is 869389 prime?
False
Is 121037 prime?
False
Is 12959 prime?
True
Is 28697 a composite number?
False
Is 5017 a prime number?
False
Is 9461 composite?
False
Is 109001 prime?
True
Is 99053 prime?
True
Is 1597 prime?
True
Is 35737 a composite number?
True
Is 1597859 composite?
True
Is 158997 a prime number?
False
Is 30449 a prime number?
True
Is 403679 composite?
False
Is 7807 a prime number?
False
Is 37385 composite?
True
Is 1223 prime?
True
Is 477031 composite?
False
Is 379 composite?
False
Is 344417 a prime number?
True
Is 6163 prime?
True
Is 1061 prime?
True
Is 29543 a prime number?
False
Is 308905 a composite number?
True
Is 6119 composite?
True
Is 42782 prime?
False
Is 101729 a prime number?
False
Is 3371 a composite number?
False
Is 34123 a prime number?
True
Is 9111 prime?
False
Is 159973 a prime number?
False
Is 2284355 a composite number?
True
Is 224563 a prime number?
True
Is 42505 prime?
False
Is 315163 composite?
True
Is 61141 a composite number?
False
Is 471109 prime?
False
Is 26759 composite?
False
Is 154181 prime?
True
Is 89477 a prime number?
True
Is 300239 a prime number?
True
Is 225193 composite?
True
Is 926515 composite?
True
Is 66327 a composite number?
True
Is 276631 composite?
True
Is 10487 composite?
False
Is 606899 a composite number?
False
Is 70607 a composite number?
False
Is 23887 prime?
True
Is 400753 a composite number?
False
Is 180631 composite?
True
Is 158549 composite?
True
Is 120223 a prime number?
True
Is 611942 composite?
True
Is 335411 a prime number?
True
Is 518863 a prime number?
True
Is 650537 a composite number?
False
Is 58853 a prime number?
False
Is 28983 composite?
True
Is 3047 a prime number?
False
Is 31271 composite?
False
Is 40003 prime?
False
Is 1060651 prime?
False
Is 39569 a composite number?
False
Is 21891 prime?
False
Is 20437 prime?
False
Is 1678 prime?
False
Is 4703 a composite number?
False
Is 471997 a composite number?
False
Is 25153 a prime number?
True
Is 18397 a prime number?
True
Is 56569 composite?
False
Is 159955 a composite number?
True
Is 317221 a prime number?
False
Is 733 prime?
True
Is 317327 composite?
False
Is 38501 composite?
False
Is 29878 a prime number?
False
Is 21089 a prime number?
True
Is 12829 a prime number?
True
Is 3103 prime?
False
Is 28761 a prime number?
False
Is 23249 a prime number?
False
Is 13381 composite?
False
Is 615799 a prime number?
True
Is 23977 a prime number?
True
Is 242863 a prime number?
True
Is 35341 composite?
True
Is 449341 a prime number?
False
Is 1234951 prime?
True
Is 2477 a prime number?
True
Is 33679 composite?
False
Is 1711471 prime?
True
Is 289045 a composite number?
True
Is 41113 composite?
False
Is 41343 a prime number?
False
Is 46217 a prime number?
False
Is 1551739 prime?
False
Is 471005 composite?
True
Is 228365 a prime number?
False
Is 4511 a prime number?
False
Is 3407 a composite number?
False
Is 853 prime?
True
Is 2707 a prime number?
True
Is 749 prime?
False
Is 56857 composite?
False
Is 15877 a composite number?
False
Is 191627 a composite number?
False
Is 45649 composite?
True
Is 7505531 prime?
False
Is 2181 a composite number?
True
Is 229343 a prime number?
True
Is 666959 a composite number?
False
Is 84751 composite?
False
Is 50438 a composite number?
True
Is 228707 a prime number?
True
Is 136195 composite?
True
Is 169571 a composite number?
True
Is 110681 composite?
False
Is 318131 prime?
False
Is 23367 composite?
True
Is 2243 a composite number?
False
Is 489145 a composite number?
True
Is 6761 a composite number?
False
Is 12301 prime?
True
Is 6113 a composite number?
False
Is 216551 composite?
False
Is 5461 a prime number?
False
Is 794543 a composite number?
False
Is 30539 a prime number?
True
Is 24803 prime?
False
Is 103055 prime?
False
Is 38945 composite?
True
Is 25147 a composite number?
False
Is 62383 composite?
False
Is 4595 prime?
False
Is 6167 a composite number?
True
Is 192937 prime?
False
Is 148089 prime?
False
Is 97187 a composite number?
False
Is 9037 composite?
True
Is 1558207 prime?
False
Is 1207 a composite number?
True
Is 8402 a composite number?
True
Is 289181 a composite number?
False
Is 20569 prime?
False
Is 44159 prime?
True
Is 41371 prime?
False
Is 383585 composite?
True
Is 17729 prime?
True
Is 4397 a composite number?
False
Is 81331 a composite number?
False
Is 3554 a composite number?
True
Is 60533 a prime number?
False
Is 22229 a composite number?
False
Is 14567 composite?
True
Is 462433 prime?
False
Is 9939211 a prime number?
True
Is 46603 a prime number?
False
Is 51 prime?
False
Is 866309 prime?
True
Is 13963 composite?
False
Is 404053 a prime number?
False
Is 211 prime?
True
Is 169057 prime?
False
Is 869 prime?
False
Is 5269 composite?
True
Is 162953 a prime number?
False
Is 42923 a prime number?
True
Is 110909 a composite number?
False
Is 308899 a composite number?
False
Is 184066 a prime number?
False
Is 58783 a composite number?
True
Is 1165 a composite number?
True
Is 86017 prime?
True
Is 420523 a prime number?
False
Is 14923 a prime number?
True
Is 443 prime?
True
Is 10663 a composite number?
False
Is 5087 composite?
False
Is 5195 composite?
True
Is 17191 a composite number?
False
Is 1875751 prime?
True
Is 307 prime?
True
Is 40309 a composite number?
True
Is 36303 a prime number?
False
Is 233743 a prime number?
True
Is 87767 prime?
True
Is 52147 composite?
False
Is 12515 a composite number?
True
Is 384371 a prime number?
False
Is 72337 prime?
True
Is 5663 prime?
False
Is 24298 a composite number?
True
Is 29485 prime?
False
Is 365 a prime number?
False
Is 2167229 a prime number?
False
Is 5039 prime?
True
Is 564593 prime?
True
Is 47267 prime?
False
Is 821 composite?
False
Is 25561 a prime number?
True
Is 1097413 a composite number?
False
Is 642457 prime?
True
Is 75709 prime?
True
Is 349057 composite?
True
Is 25189 prime?
True
Is 151779 a prime number?
False
Is 677 a prime number?
True
Is 14971 composite?
True
Is 174527 composite?
False
Is 26281 a composite number?
True
Is 5666 prime?
False
Is 409606 a prime number?
False
Is 444931 prime?
False
Is 9383 a composite number?
True
Is 10529 prime?
True
Is 2747 a composite number?
True
Is 502 a prime number?
False
Is 5113 a prime number?
True
Is 46049 a composite number?
False
Is 7069 composite?
False
Is 1266397 a composite number?
True
Is 59093 a composite number?
False
Is 11878 a composite number?
True
Is 87583 composite?
False
Is 8191 composite?
False
Is 21562 composite?
True
Is 30553 prime?
True
Is 40559 a prime number?
True
Is 63353 a prime number?
True
Is 1639 composite?
True
Is 602449 prime?
False
Is 40574 prime?
False
Is 66919 composite?
False
Is 113917 prime?
False
Is 57059 composite?
False
Is 671 a composite number?
True
Is 4271 a c